{"id":85,"date":"2017-01-24T01:27:26","date_gmt":"2017-01-23T16:27:26","guid":{"rendered":"https:\/\/euc-access-excel-db.com\/tips\/?page_id=85"},"modified":"2018-11-16T16:47:31","modified_gmt":"2018-11-16T07:47:31","slug":"drumbandmusic","status":"publish","type":"page","link":"https:\/\/euc-access-excel-db.com\/tips\/drumbandmusic","title":{"rendered":"\u30c9\u30e9\u30e0\u30fb\u30d0\u30f3\u30c9\u30fb\u97f3\u697d"},"content":{"rendered":"<p>\u30c9\u30e9\u30e0\u30fb\u30d0\u30f3\u30c9\u30fb\u97f3\u697d<\/p>\n<p>\u25c6 \u97f3\u697d\u306e\u3053\u3068<br \/>\n\u2605 <a href=\"https:\/\/euc-access-excel-db.com\/tips\/ct05_drum_n_band_n_music\/drum_score\" target=\"_blank\">\u30c9\u30e9\u30e0\u306e\u8b5c\u9762\u3092\u4f5c\u3063\u3066\u304f\u308c\u308b\u30b5\u30a4\u30c8<\/a><br \/>\n<SPAN>\u3000\u3000<\/SPAN><br \/>\n<SPAN>\u3000\u3000<\/SPAN><br \/>\n\u25c6 \u96fb\u5b50\u30c9\u30e9\u30e0\u306b\u3064\u3044\u3066<br \/>\n<a href=\"https:\/\/euc-access-excel-db.com\/tips\/ct05_drum_n_band_n_music\/electric-drums\" target=\"_blank\">\u300c\u96fb\u5b50\u30c9\u30e9\u30e0\u306f\u4f7f\u3063\u3066\u306f\u3044\u3051\u306a\u3044\u30fb\u8cb7\u3063\u3066\u306f\u3044\u3051\u306a\u3044\u300d\u3001\u306f\u672c\u5f53\u3067\u3057\u3087\u3046\u304b\uff1f5\u5e74\u308410\u5e74\u96fb\u5b50\u30c9\u30e9\u30e0\u3092\u4f7f\u3063\u305f\u3053\u3068\u304c\u7121\u3044\u4eba\u306e\u610f\u898b\u306f\u8efd\u306f\u305a\u307f\u306b\u4fe1\u7528\u3057\u306a\u3044\u3088\u3046\u306b\u3054\u6ce8\u610f\u304f\u3060\u3055\u3044\u3002<\/a><br \/>\n<SPAN>\u3000\u3000<\/SPAN><br \/>\n<SPAN>\u3000\u3000<\/SPAN><br \/>\n\u25c6 \u97f3\u697d\u3068\u4eba\u306b\u3064\u3044\u3066<br \/>\n<a href=\"https:\/\/euc-access-excel-db.com\/tips\/ct05_drum_n_band_n_music\/hino-binnta\" target=\"_blank\">\u65e5\u91ce\u7693\u6b63\u5148\u751f\u306e\u3054\u767a\u8a00\u304c\u7d20\u6674\u3089\u3057\u3059\u304e\u3066\u3001\u6b8b\u3057\u3066\u304a\u304b\u305a\u306b\u306f\u3044\u3089\u308c\u306a\u304b\u3063\u305f\u4ef6\u306b\u3064\u3044\u3066\uff08\u65e5\u91ce\u7693\u6b63\u5148\u751f\u306e\u3054\u610f\u898b\u306f\u81f3\u6975\u6b63\u8ad6\u3067\u3042\u3063\u3071\u308c\u3060\u3068\u601d\u3044\u307e\u3059\u3002\u5b8c\u5168\u306b\u6b63\u3057\u3044\u3002\uff5e\u30d3\u30f3\u30bf\u9a12\u52d5\u306b\u3064\u3044\u3066\uff09<\/a><\/p>\n<p><a href=\"https:\/\/euc-access-excel-db.com\/tips\/ct05_drum_n_band_n_music\/kensuke\" target=\"_blank\">\u300c\u65e5\u91ce\u7693\u6b63\u5150\u7ae5\u8650\u5f85\uff08\u30d3\u30f3\u30bf\uff09\u4e8b\u4ef6\u306b\u3064\u3044\u3066\u5143\u30b8\u30e3\u30ba\u30df\u30e5\u30fc\u30b8\u30b7\u30e3\u30f3\u304c\u8003\u3048\u3066\u307f\u305f\u300d\u3092\u8aad\u3093\u3067\u3002\uff08\u516b\u5e61 \u8b19\u4ecb\u5148\u751f\u306f\u9593\u9055\u3063\u3066\u3044\u308b\u3068\u601d\u3044\u307e\u3059\u3002\uff09<\/a><\/p>\n<p><SPAN>\u3000\u3000<\/SPAN><br \/>\n<SPAN>\u3000\u3000<\/SPAN><br \/>\n\u25c6 \u30a8\u30f3\u30bf\u30e1<br \/>\n<SPAN>\u3000\u3000<\/SPAN><a href=\"https:\/\/euc-access-excel-db.com\/tips\/ct05_drum_n_band_n_music\/hituji-to-hagane-no-mori-risou-no-oto01\" target=\"_blank\">\u25cf \u30cd\u30bf\u30d0\u30ec\u6ce8\u610f\uff1a\u6620\u753b\u300c\u7f8a\u3068\u92fc\u306e\u68ee\u300d\u304c\u3068\u3066\u3082\u826f\u304b\u3063\u305f\u3067\u3059\u3002\u300e\u76ee\u6307\u3059\u97f3\uff1d\u201d\u00d7\u00d7\u00d7\u201d\u30fb\u30fb\u30fb\u300f\u3060\u306a\u3093\u3066\u3001\u50d5\u306b\u306f\u6b7b\u3093\u3067\u3082\u3064\u304b\u3081\u307e\u305b\u3093\u30fb\u30fb\u30fb\u3002<\/a><\/p>\n<p><SPAN>\u3000\u3000<\/SPAN><br \/>\n<SPAN>\u3000\u3000<\/SPAN><br \/>\n\u25c6 \u30c9\u30e9\u30e0\u6559\u5ba4<br \/>\n<a href=\"https:\/\/euc-access-excel-db.com\/tips\/ct05_drum_n_band_n_music\/drums-kiso01\" target=\"_blank\">\u25cf\u30c9\u30e9\u30e0\u306e\u57fa\u790e\uff08\u521d\u5fc3\u8005\u7528\uff1a\u6559\u5247\u672c\u3092\u3084\u308b\u524d\u30fb\u3082\u3057\u304f\u306f\u30fb\u3084\u308a\u306a\u304c\u3089\u3002\u307e\u305f\u3001\u30d0\u30f3\u30c9\u7df4\u7fd2\u3082\u3057\u306a\u304c\u3089\u3002\u305f\u3060\u3001\u6559\u5247\u672c\u3092\u3084\u308b\u524d\u306b\u8003\u3048\u308b\u3079\u304d\u3053\u3068\u304c\u591a\u3044\u3067\u3059\u3002\uff09<\/a><br \/>\n<SPAN>\u3000\u3000<\/SPAN><a href=\"https:\/\/euc-access-excel-db.com\/tips\/ct05_drum_n_band_n_music\/thinking-drums-kiso02-subete-ga-ittaika01\" target=\"_blank\">\u25cf \u30c9\u30e9\u30e0\u306e\u8eab\u4f53\u7684\u306a\u57fa\u790e\u306b\u3064\u3044\u3066\u306e\u8003\u3048\u65b902\uff5e\u7206\u97f3\u3068\u30d4\u30a2\u30cb\u30b7\u30e2\u3092\u8868\u73fe\u3059\u308b\u305f\u3081\u306e\u3001\u624b\u30fb\u8155\u306e\u52d5\u304d\u306b\u3064\u3044\u3066\u306e\u300c\u529b\u304c\u4f1d\u308f\u308b\u300d\u3068\u3044\u3046\u3053\u3068\u306e\u8003\u3048\u65b9\u3002\uff5e\u63e1\u308b\u304b\u3089\u529b\u304c\u4f1d\u308f\u308b\u308f\u3051\u3058\u3083\u306a\u304f\u3066\u3001\u300c\u63e1\u308b\u7de9\u3081\u308b\u300d\u306f\u97f3\u306e\u56fa\u3055\u306e\u30b3\u30f3\u30c8\u30ed\u30fc\u30eb\u306e\u6c17\u304c\u3057\u307e\u3059\u3002\u529b\u306f\u300c\u80a9\u3068\u8155\u3068\u624b\u3068\u6307\u3068\u30b9\u30c6\u30a3\u30c3\u30af\u304c\u3001\u8efd\u304f\u3066\u3082\u201d\u4e00\u4f53\u306b\u201d\u306a\u308c\u308c\u3070\u306a\u308c\u308b\u307b\u3069\u300d\u300c\u4f1d\u308f\u308b\u300d\u3068\u601d\u3044\u307e\u3059\u3002\u300c\u5927\u304d\u304f\u3082\u30fb\u5c0f\u3055\u304f\u3082\u3001\u7206\u97f3\u3082\u30d4\u30a2\u30cb\u30b7\u30e2\u3082\u300d\u3002\u8db3\u3082\u540c\u69d8\u3002\u305d\u3057\u3066\u300c\u8efd\u304f\u3066\u3082\u201d\u4e00\u4f53\u306b\u201d\u3059\u308b\u300d\u306b\u306f\u300c\u8eab\u4f53\u30d1\u30fc\u30c4\u306e\u89d2\u5ea6\u306e\u4fee\u6b63\u304c\u52b9\u679c\u304c\u5927\u304d\u3044\u300d\u3063\u307d\u3044\u3067\u3059\u3002<\/a><br \/>\n<SPAN>\u3000\u3000<\/SPAN><a href=\"https:\/\/euc-access-excel-db.com\/tips\/ct05_drum_n_band_n_music\/drums-kiso02\" target=\"_blank\">\u25cf \u30c9\u30e9\u30e0\u306e\u57fa\u790e02\uff5e\u8db3\u306f\u30aa\u30fc\u30d7\u30f3\u3067\u30dc\u30fc\u30c9\u306e\u534a\u5206\u3088\u308a\u3082\u5f8c\u308d\u3067\u89d2\u5ea6\u3060\u3051\u3067\u6253\u3066\u308b\u3088\u3046\u306b\u64cd\u4f5c\u3002\u624b\u3084\u8155\u3068\u540c\u3058\u7406\u5c48\u304c\u4f7f\u3048\u308b\u3088\u3046\u306b\u306a\u308a\u307e\u3059\uff08\u30ea\u30d0\u30a6\u30f3\u30c9\u3092\u5229\u7528\u3057\u305f\u7206\u97f3\u3068\u5c0f\u97f3\u306e\u30d2\u30f3\u30c8\u306b\uff09\u3002\u5de6\u624b\u306e\u30b9\u30cd\u30a2\u306f\u529b\u7d76\u5bfe\u306b\u5165\u308c\u305a\u306b\u8098\u30fb\u80a9\u30fb\u80a9\u7532\u9aa8\u3092\u3046\u307e\u304f\u4f7f\u3044\u307e\u3059\u3002\u30d3\u30fc\u30c8\u7e70\u308a\u51fa\u3057\u4e2d\u306e\u30ab\u30a6\u30f3\u30c8\u3084\u5504\u3044\u306f\u80cc\u4e2d\u30fb\u80a9\u7532\u9aa8\u30fb\u8170\u30a6\u30e9\u3001\u5c3b\u306e\u4e0b\u306a\u3069\u3067\u3002\u9996\u3068\u306e\u3064\u306a\u304c\u308a\u30fb\u9996\u306e\u8131\u529b\u30fb\u547c\u5438\u306b\u3082\u3064\u306a\u304c\u308a\u307e\u3059\u3002<\/a><br \/>\n<SPAN>\u3000\u3000<\/SPAN><a href=\"https:\/\/euc-access-excel-db.com\/tips\/ct05_drum_n_band_n_music\/thinking-drums-kiso01-2tu-no-arm01\" target=\"_blank\">\u25cf \u30c9\u30e9\u30e0\u306e\u8eab\u4f53\u7684\u306a\u57fa\u790e\u306b\u3064\u3044\u3066\u306e\u8003\u3048\u65b901\uff5e\u7206\u97f3\u3068\u30d4\u30a2\u30cb\u30b7\u30e2\u3092\u8868\u73fe\u3059\u308b\u305f\u3081\u306e\u3001\u624b\u30fb\u8155\u306e\u52d5\u304d\u306b\u3064\u3044\u3066\u306e\u6700\u4f4e\u9650\u306e\u300c2\u3064\u300d\u306e\u63e1\u308a\u3068\u52d5\u304b\u3057\u65b9\u3002\uff08\u6700\u4f4e\u9650\u306e2\u3064\u306e\u57fa\u790e\u3002\u30de\u30c3\u30c1\u30c9\u30b0\u30ea\u30c3\u30d7\u306e\u306a\u304b\u3067\uff09<\/a><\/p>\n<p>\u2605\u300c\u79d1\u5b66\u7684\u300d\u306b\u8003\u3048\u308b\u3053\u3068\u3092\u3084\u3081\u307e\u3057\u3087\u3046<br \/>\n\u2605\u300c\u7269\u7406\u7684\u300d\u306b\u8003\u3048\u307e\u3057\u3087\u3046<br \/>\n\u2605\u307e\u305a\u306f90bpm\u3067\u30ad\u30c3\u30af\u306e3\u9023\u767a\u4ee5\u4e0a\uff08\u30d5\u30c3\u30c8\u30dc\u30fc\u30c9\u306e\u4e00\u756a\u5f8c\u308d\u3067\u30b9\u30d7\u30ea\u30f3\u30b0\u306e\u529b\u3092\u501f\u308a\u3066\u3002\uff09<br \/>\n\u2605\u632f\u308b\u3067\u306f\u306a\u304f\u3066\u6271\u3046\u30fb\u64cd\u4f5c\u3059\u308b\u30fb\u6253\u3064\u3002\u4f53\u5e79\u306e\u529b\u3092\u501f\u308a\u3066\u3002<br \/>\n\u2605\u632f\u308b\u3067\u306f\u306a\u304f\u3001\u300c\u5165\u308c\u308b\u300d\u300c\u633f\u5165\u3059\u308b\u300d\u3002\u81ea\u5206\u306e\u9aa8\u306e\u9577\u3055\u3068\u6905\u5b50\u306e\u9ad8\u3055\u3068\u5404\u30d1\u30fc\u30c4\u306e\u89d2\u5ea6\u306b\u3088\u3063\u3066\u300c\u9053\u300d\u304c\u3067\u304d\u308b\u304b\u3089\u3001\u300c\u9053\u300d\u304c\u3042\u308b\u304b\u3089\u3002\u305d\u3053\u3092\u901a\u3063\u3066\u3001\u300c\u5165\u308c\u308b\u300d\u300c\u633f\u5165\u3059\u308b\u300d\u3002\u7279\u306b\u30d0\u30c3\u30af\u30d3\u30fc\u30c8\u306e\u30b9\u30cd\u30a2\u3002<br \/>\n\u2605\u529b\u3058\u3083\u306a\u3044\u3002<br \/>\n\u30d2\u30c3\u30c8\u306e\u77ac\u9593\u306b\u81ea\u52d5\u7684\u306b\u3001\u6700\u3082\u529b\u304c\u52dd\u624b\u306b\u8f09\u308b\u3088\u3046\u306a\u5404\u30d1\u30fc\u30c4\u306e \u89d2\u5ea6\u3001\u89d2\u5ea6\u3001\u89d2\u5ea6\u3002\u30b9\u30a6\u30a3\u30fc\u30c8\u30b9\u30dd\u30c3\u30c8\u306a\u89d2\u5ea6\u3002\u95a2\u7bc0\u306e\u8131\u529b\u3002\u4f55\u304b\u3092\u652f\u3048\u308b\u30fb\u4fdd\u6301\u3059\u308b\u3068\u304d\u306e\u89d2\u5ea6\u300290\uff5e100BPM\u306e\u30ad\u30c3\u30af\u306e3\u9023\u767a\u4ee5\u4e0a\u3092\u30d5\u30c3\u30c8\u30dc\u30fc\u30c9\u306e\u4e00\u756a\u5f8c\u308d\u3067\u300c\u3084\u308f\u3089\u304b\uff5e\u304f\u300d\u300c\u3075\u308f\u3063\u3068\u300d\u3067\u304d\u308b\u3088\u3046\u306b\u306a\u3063\u305f\u308a\uff08\u3067\u3082\u97f3\u306f\u4e2d\u304f\u3089\u3044\u51fa\u3066POPS\u3067\u306f\u5341\u5206\u306b\u306a\u308c\u305f\u308a\uff09\u3001\u30d0\u30c3\u30af\u30d3\u30fc\u30c8\u3092\u300c\u632f\u308b\u300d\u3067\u306f\u306a\u304f\u3066\u300c\u5165\u308c\u308b\u300d\u300c\u633f\u5165\u3059\u308b\u300d\u611f\u3058\u3084\u305d\u308c\u306b\u3088\u3063\u3066\u97f3\u304c\u6700\u5c0f\u9650\u306e\u529b\u3067\u3082\u30c7\u30ab\u304f\u306a\u3063\u3066\u3044\u304f\u611f\u3058\u3001\u304c\u5206\u304b\u308b\u3088\u3046\u306b\u306a\u308b\u3068\u3001\u591a\u5206\u305d\u308c\u304c\u308f\u304b\u308b\u3068\u601d\u3044\u307e\u3059\u3002\u305d\u3046\u306a\u308b\u3068\u3001\u91cd\u3044\u30b9\u30c6\u30a3\u30c3\u30af\u3067\u3082\u8efd\u3044\u3075\u308f\u3063\u3068\u3057\u305f\u97f3\u304c\u4f53\u5e79\u3067\u51fa\u305b\u305f\u308a\u3001\u9006\u306b\u8efd\u3044\u30b9\u30c6\u30a3\u30c3\u30af\u3092\u91cd\u304f\u611f\u3058\u308c\u308b\u3088\u3046\u306b\u81ea\u5206\u306e\u72b6\u614b\u3092\u30b9\u30a4\u30c3\u30c1\u30fb\u30b3\u30f3\u30c8\u30ed\u30fc\u30eb\u3059\u308b\u3053\u3068\u304c\u3067\u304d\u308b\u3088\u3046\u306b\u306a\u308b\u3068\u601d\u3044\u307e\u3059\u3002<br \/>\n\u2605\u30e2\u30fc\u30e9\u30fc\u4e0d\u8981\u3002\u305d\u308c\u3088\u308a\u3082\u307e\u305a\u306f\u89d2\u5ea6\u3002<br \/>\n\u50d5\u30e2\u30fc\u30e9\u30fc\u3067\u304d\u306a\u3044\u3082\u3093\u3002\u3067\u3082\u3001\u30e2\u30fc\u30e9\u30fc\u3068\u304b\u3084\u308b\u307e\u3048\u306b\u3001\u3067\u304d\u306a\u3044\u3068\u3044\u3051\u306a\u3044\u3053\u3068\u304c\u5c71\u307b\u3069\u3042\u308a\u307e\u3059\u3002\u305d\u306e\u3072\u3068\u3064\u304c\u89d2\u5ea6\u3002\u6905\u5b50\u306e\u9ad8\u3055\u3001\u306a\u3069\u3002\u89d2\u5ea6\u304c\u60aa\u304f\u3066\u30b7\u30f3\u30b0\u30eb\u30b9\u30c8\u30ed\u30fc\u30af\u304c\u3067\u304d\u306a\u3044\u30fb\u7406\u89e3\u3057\u3066\u306a\u3044\u306e\u306b\u30eb\u30fc\u30c7\u30a3\u30e1\u30f3\u30c8\u3084\u3063\u3066\u3082\u3042\u307e\u308a\u52b9\u679c\u4e0a\u304c\u3089\u305a\u30fb\u30fb\u30fb\u3002\u89d2\u5ea6\u306f\u500b\u4eba\u306e\u9aa8\u306e\u9577\u3055\u3001\u5f62\u3067\u3001\u5909\u308f\u308a\u307e\u3059\u3002\u3067\u3082\u6b63\u89e3\u306f\u81ea\u5206\u3067\u898b\u3064\u3051\u308b\u3057\u304b\u3042\u308a\u307e\u305b\u3093\u3002\u6b7b\u306c\u307e\u3067\u306b\u898b\u3064\u304b\u3063\u305f\u3089\u30e9\u30c3\u30ad\u30fc\u3002<br \/>\n\u2605\u30d5\u30a3\u30b8\u30ab\u30eb\u3067\u306f\u89d2\u5ea6\u3001\u8868\u73fe\u3067\u306f8\u5206\u306e\u30a6\u30e9\u308416\u5206\u306e\u30a6\u30e9\u3092\u4f53\u5e79\u3067\u611f\u3058\u308b\u3053\u3068\u304b\u3089\u30b9\u30bf\u30fc\u30c8<br \/>\n8\u5206\u306e\u30a6\u30e9\u308416\u5206\u306e\u30a6\u30e9\u3092\u4f53\u5e79\u3067\u611f\u3058\u306a\u304c\u3089\u53e9\u3051\u306a\u3044\u3068\u3001\u8868\u73fe\u306e\u5e45\u304c\u3059\u3054\u304f\u72ed\u304f\u306a\u3063\u3066\u3057\u307e\u3044\u307e\u3059\u3002<br \/>\n\u30b5\u30fc\u30af\u30eb\u3001\u6955\u5186\u3001\u30a2\u30c3\u30d7\u30c0\u30a6\u30f3\u3001\u524d\u5f8c\u3001\u5de6\u53f3\u3001\u3057\u306a\u304c\u3089\u3002<br \/>\n\u304a\u30b1\u30c4\u3001\u9996\u307e\u308f\u308a\u3001\u80a9\u7532\u9aa8\u3001\u308f\u304d\u3001\u8170\u3001\u5ea7\u9aa8\u3001\u3072\u3058\u3001\u306a\u3069\u3067\u3082\u611f\u3058\u308b\u3002<br \/>\n\u3053\u308c\u304c\u610f\u5473\u304c\u5206\u304b\u3089\u306a\u3044\u306e\u306b\u30e2\u30fc\u30e9\u30fc\u3084\u3063\u3066\u3082\u610f\u5473\u304c\u3042\u308a\u307e\u305b\u3093\u3002<br \/>\n\u300c\u8868\u73fe\u3067\u304d\u306a\u3044\u300d\u300c\u8868\u73fe\u306e\u57fa\u790e\u304c\u5206\u304b\u3089\u306a\u3044\u300d\u300c\u30d4\u30a2\u30cb\u30b7\u30e2\u3092\u4f53\u5e79\u3067\u9cf4\u3089\u305b\u306a\u3044\u300d\u300c\u4f53\u5e79\u5229\u7528\u3067\u30d4\u30a2\u30cb\u30b7\u30e2\u304b\u3089\u8d85\u30d5\u30a9\u30eb\u30c6\u30b7\u30e2\u306b\u4e00\u6c17\u306b\u884c\u304d\u6765\u3067\u304d\u306a\u3044\u300d\u300c\u6307\u3084\u624b\u306b\u610f\u8b58\u304c\u3042\u308a\u3059\u304e\u308b\u300d\u3068\u3044\u3046\u4eba\u304c\u30e2\u30fc\u30e9\u30fc\u3084\u3063\u3066\u3082\u610f\u5473\u304c\u3042\u308a\u307e\u305b\u3093\u3002<br \/>\n<SPAN>\u3000\u3000<\/SPAN><br \/>\n<SPAN>\u3000\u3000<\/SPAN><br \/>\n\u25c6 \u30a2\u30ec\u30af\u30b5\u30f3\u30c0\u30fc\u30fb\u30c6\u30af\u30cb\u30fc\u30af\u7684\u306a<br \/>\n\u2605 <a href=\"https:\/\/euc-access-excel-db.com\/tips\/ct05_drum_n_band_n_music\/chin_n_primary-control\" target=\"_blank\">\u30a2\u30b4\u3068\u300c\u30d7\u30e9\u30a4\u30de\u30ea\u30fc\u30fb\u30b3\u30f3\u30c8\u30ed\u30fc\u30eb\u300d\uff08\u30a2\u30ec\u30af\u30b5\u30f3\u30c0\u30fc\u30c6\u30af\u30cb\u30fc\u30af\uff09<\/a><br \/>\n\u2605 <a href=\"https:\/\/euc-access-excel-db.com\/tips\/ct05_drum_n_band_n_music\/lefthand-thumb_n_alexander-technique\" target=\"_blank\">\u5de6\u624b\u306e\u89aa\u6307\u306e\u6dfb\u3048\u304b\u305f\u3068\u30a2\u30ec\u30af\u30b5\u30f3\u30c0\u30fc\u30c6\u30af\u30cb\u30fc\u30af\uff08\u305f\u3063\u305f\uff15\uff4d\uff4d\u89d2\u5ea6\u3092\u5909\u3048\u305f\u3060\u3051\u3060\u3051\u3069\u3001\u5b9f\u306f\u305d\u3053\u304b\u3089\u300c\u3059\u3079\u3066\u304c\u3064\u306a\u304c\u3063\u3066\u3044\u3066\u300d\u6f14\u594f\u306e\u3057\u3084\u3059\u3055\u304c10\u500d\u4ee5\u4e0a\u306b\uff01\uff01\uff09<\/a><br \/>\n\u2605 <a href=\"https:\/\/euc-access-excel-db.com\/tips\/ct05_drum_n_band_n_music\/lefthand-thumb_n_alexander-technique-2\" target=\"_blank\">\u5de6\u624b\u8a18\u5ff5\u65e5\u305d\u306e\uff12\uff5e\u3055\u3089\u306b\u3001\u300c\u5de6\u624b\u306e\u30b9\u30c6\u30a3\u30c3\u30af\u3092\u30db\u30fc\u30eb\u30c9\u3059\u308b\u6307\u306e\u89d2\u5ea6\u306e\u30b9\u30a6\u30a3\u30fc\u30c8\u30b9\u30dd\u30c3\u30c8\u300d\u304c\u898b\u3064\u304b\u308a\u307e\u3057\u305f\u3002\u3046\u308c\u3057\u3044\uff01\uff01<\/a><br \/>\n<SPAN>\u3000\u3000<\/SPAN><br \/>\n<SPAN>\u3000\u3000<\/SPAN><br \/>\n\u25c6 \u30aa\u30fc\u30af\u30e9\u30f3\u30c9\u30fb\u30b9\u30c8\u30ed\u30fc\u30af\uff08Tower O fPower \u30c7\u30a4\u30d3\u30c3\u30c9\u30fb\u30ac\u30ea\u30d0\u30eb\u30c7\u30a3\u5148\u751f\uff09<br \/>\n<SPAN>\u3000\u3000<\/SPAN><br \/>\n<SPAN>\u3000\u3000<\/SPAN><br \/>\n\u25c6 \u30ed\u30b6\u30fc\u30ca\u30fb\u30b7\u30e3\u30c3\u30d5\u30eb\uff08TOTO \u30b8\u30a7\u30d5\u30fb\u30dd\u30fc\u30ab\u30ed\u5148\u751f\uff09<br \/>\n<SPAN>\u3000\u3000<\/SPAN><br \/>\n<SPAN>\u3000\u3000<\/SPAN><br \/>\n\u25c6 Squib Cakes\uff08Tower O fPower \u30c7\u30a4\u30d3\u30c3\u30c9\u30fb\u30ac\u30ea\u30d0\u30eb\u30c7\u30a3\u5148\u751f\uff09<br \/>\n<SPAN>\u3000\u3000<\/SPAN><br \/>\n<SPAN>\u3000\u3000<\/SPAN><br \/>\n\u25c6 Give me your love\uff08Tower O fPower \u30c7\u30a4\u30d3\u30c3\u30c9\u30fb\u30ac\u30ea\u30d0\u30eb\u30c7\u30a3\u5148\u751f\uff09<br \/>\n<SPAN>\u3000\u3000<\/SPAN><br \/>\n<SPAN>\u3000\u3000<\/SPAN><br \/>\n\u25c6 Steve Gadd Mozambique \uff08\u30ac\u30c3\u30c9\u5148\u751f\uff09<br \/>\n<SPAN>\u3000\u3000<\/SPAN><br \/>\n<SPAN>\u3000\u3000<\/SPAN><br \/>\n\u25c6 \u604b\u4eba\u3068\u5225\u308c\u308b50\u306e\u65b9\u6cd5 \uff08\u30ac\u30c3\u30c9\u5148\u751f\uff09<br \/>\n<SPAN>\u3000\u3000<\/SPAN><br \/>\n<SPAN>\u3000\u3000<\/SPAN><\/p>\n","protected":false},"excerpt":{"rendered":"\u30c9\u30e9\u30e0\u30fb\u30d0\u30f3\u30c9\u30fb\u97f3\u697d \u25c6 \u97f3\u697d\u306e\u3053\u3068 \u2605 \u30c9\u30e9\u30e0\u306e\u8b5c\u9762\u3092\u4f5c\u3063\u3066\u304f\u308c\u308b\u30b5\u30a4\u30c8 \u3000\u3000 \u3000\u3000 \u25c6 \u96fb\u5b50\u30c9\u30e9\u30e0\u306b\u3064\u3044\u3066 \u300c\u96fb\u5b50\u30c9\u30e9\u30e0\u306f\u4f7f\u3063\u3066\u306f\u3044\u3051\u306a\u3044\u30fb\u8cb7\u3063\u3066\u306f\u3044\u3051\u306a\u3044\u300d\u3001\u306f\u672c\u5f53\u3067\u3057\u3087\u3046\u304b\uff1f5\u5e74\u308410\u5e74\u96fb\u5b50\u30c9\u30e9\u30e0\u3092\u4f7f\u3063\u305f\u3053\u3068\u304c\u7121 ...","protected":false},"author":2,"featured_media":0,"parent":0,"menu_order":0,"comment_status":"closed","ping_status":"closed","template":"","meta":[],"_links":{"self":[{"href":"https:\/\/euc-access-excel-db.com\/tips\/wp-json\/wp\/v2\/pages\/85"}],"collection":[{"href":"https:\/\/euc-access-excel-db.com\/tips\/wp-json\/wp\/v2\/pages"}],"about":[{"href":"https:\/\/euc-access-excel-db.com\/tips\/wp-json\/wp\/v2\/types\/page"}],"author":[{"embeddable":true,"href":"https:\/\/euc-access-excel-db.com\/tips\/wp-json\/wp\/v2\/users\/2"}],"replies":[{"embeddable":true,"href":"https:\/\/euc-access-excel-db.com\/tips\/wp-json\/wp\/v2\/comments?post=85"}],"version-history":[{"count":0,"href":"https:\/\/euc-access-excel-db.com\/tips\/wp-json\/wp\/v2\/pages\/85\/revisions"}],"wp:attachment":[{"href":"https:\/\/euc-access-excel-db.com\/tips\/wp-json\/wp\/v2\/media?parent=85"}],"curies":[{"name":"wp","href":"https:\/\/api.w.org\/{rel}","templated":true}]}}